Is l composite?
True
Let m = 1274 - 936. Let s be ((-12)/10)/(2/(-5)). Let o = m - s. Is o prime?
False
Suppose -18*r + 5*r + 169 = 0. Suppose -8*q + 15 = -r*q, 572 = 5*j + q. Is j composite?
True
Let v(a) = -a**3 - 6*a**2 + 8*a + 7. Let x be v(-7). Is ((-1486)/6)/((-1)/(x + 3)) a prime number?
True
Let v = 516460 - 156317. Is v a composite number?
True
Let y be 2/3*(3565 - 4). Suppose 2*h = -10704 - y. Let a = -3760 - h. Is a composite?
True
Suppose -3*b - 71172 = -29970. Let l = b + 3603. Is (2/6)/((-11)/l) prime?
True
Let p(g) be the second derivative of 19*g**3/3 - 201*g**2/2 - 55*g. Is p(48) a composite number?
True
Is (0 - (-232293)/2)/(96/64) composite?
False
Suppose 4*z = -k - 0*k - 101, -k - 1 = 0. Let a = z + 30. Suppose 0 = -l + i - 2*i + 1244, 3*l - 3722 = -a*i. Is l a prime number?
True
Let t = 218926 + 3781. Is t a composite number?
False
Let z = 181444 + -106775. Is z prime?
False
Suppose -2716109 = -76*r + 75*r. Is r a composite number?
True
Suppose -42 = 3*j - 24*j. Let b(u) = 7228*u + 29. Is b(j) prime?
False
Let y(p) = -3*p - 9. Let j(d) = 2*d + 8. Let s(q) = 4*j(q) + 3*y(q). Let x be s(2). Is (-24800)/(-56) + x/21 a prime number?
True
Suppose -4359*d = -4322*d - 30760949. Is d a composite number?
True
Let m(k) = -651*k + 1741. Is m(-46) a prime number?
True
Let m be 2/7 - (-832)/28. Suppose -c - 5*o - 6 = 0, -o = 5*c + 2*o + m. Let r(y) = 9*y**2 + y - 13. Is r(c) composite?
True
Is 1/5 + 3/((-405)/(-3283038)) prime?
False
Let z = -8 + 12. Suppose 60922 = 5*w + 3*x, -2*w - w + z*x + 36559 = 0. Suppose 0 = -14*h + 9*h + w. Is h prime?
True
Let h = 54845 - 20064. Is h composite?
False
Let d = -239 - -2495. Suppose -9*n - 6288 = -d. Let m = n + 959. Is m composite?
True
Suppose -15 = 5*x - 0. Let y be x/((-18)/3592)*3. Is (-1)/((-1)/y) - 1 composite?
True
Let j(a) = -23*a + 1. Let y(z) = z**2 - 69*z + 3. Let v(f) = -17*j(f) + 6*y(f). Let m be v(4). Suppose x = 2*k - 4854, m*k + 4*x - 12135 = -0*k. Is k composite?
True
Let c(b) = -14 + 8 - 11 + 87*b + 37. Is c(6) a prime number?
False
Let t(u) be the second derivative of 11/2*u**4 + 5/2*u**2 + 0 - 15*u - 5/6*u**3. Is t(4) a prime number?
False
Let g(c) = -c**3 + 22*c**2 + c - 17. Let j be g(22). Suppose 2*q + j*w + 41 = 5*q, q = 3*w + 19. Suppose -q*a = -a - 2382. Is a prime?
True
Let i(z) = -z**2 + 17*z + 68. Let v be i(20). Let n(u) = -3*u - 5*u - v + 11*u + 3 + u**2. Is n(-12) a composite number?
False
Let u(r) = 43*r**2 - 58*r + 623. Is u(74) a composite number?
False
Let d(f) = f - 6. Suppose 6*r - 27 = 45. Let p be d(r). Suppose 506 = 4*i - a, 0*a - 3*a + p = 0. Is i prime?
True
Let j(v) = 24*v**2 - 7*v - 52. Let s be j(-10). Is s + (1 - -3 - -1) a composite number?
False
Let q(h) = 283*h**2 + h + 16. Let f be q(-4). Suppose 2*r - d - 7033 = 2032, f = r + d. Is r composite?
True
Let a(o) = 692*o**2 - 165*o - 12. Is a(-5) prime?
False
Let j(r) = -36*r**3 + 40*r**2 + 42*r + 83. Is j(-22) a composite number?
True
Let j = 15 + -15. Suppose -1357 = -j*m - m. Suppose 4*o + 5*w - 3906 = -m, 3*w + 1247 = 2*o. Is o a prime number?
True
Is 5/(-3) - (988128/(-54) + 28) composite?
False
Suppose -13*c = -34989 - 18428. Is c a composite number?
True
Let t(w) = -2053*w**3 + 16*w**2 + 142*w + 223. Is t(-8) composite?
False
Suppose 1219 - 3257 = 2*c. Let i = c - -2068. Is i prime?
True
Let r(l) = 6*l**3 + 49*l**2 + 22*l - 1108. Is r(27) prime?
False
Suppose 47*z - 69059 = -112399 + 1100887. Is z prime?
True
Suppose -30*c + 10*c + 540 = 0. Suppose c*u = 35*u - 14680. Is u composite?
True
Let k(r) = 837*r + 227. Is k(42) a prime number?
True
Let w be 6581 - -5 - (-5 - -4). Let v = w - -6780. Is v a prime number?
True
Is (-197388)/48*1104/(-36) composite?
True
Suppose 0 = 3*t + 2*y + 23118 - 131329, -2*y = t - 36077. Suppose 0 = -6*o + 2195 + t. Is o a prime number?
False
Let h(x) = 7*x**3 - 13*x**2 + 60*x - 385. Is h(12) a prime number?
True
Suppose -33762 = -j + 159455. Suppose 0 = 44*o - j - 25419. Is o prime?
True
Is (-3030183)/(-216) - (-3)/8 a prime number?
True
Suppose -49*s + 47*s - 3*j + 10229 = 0, 5*s + 4*j = 25569. Is s prime?
True
Let h = -117 + 132. Suppose -h*f + 4015 = -4*f. Is f a prime number?
False
Let p(u) = -2202*u - 8. Let x be p(9). Let d = 6081 + x. Let k = -9418 - d. Is k prime?
True
Is ((-33)/66)/(4/(-1927976)) a prime number?
True
Let c be (-4 - (-6)/1) + -2. Suppose -7*b + 0*b + 196 = c. Is (-8)/b + 1250/14 prime?
True
Suppose -4*s + 2*s + 3200 = 0. Suppose -3*l + 8*w = 3*w - 2397, 2*l - 4*w = s. Suppose 3*p - 2*p + l = x, 5*x + 4*p = 3997. Is x a prime number?
True
Suppose 483*f = 485*f - 283556. Is f/39 + 1/(-3) prime?
False
Let u = 60163 + -26784. Is u prime?
False
Let i(b) = b**2 - 4*b. Let w be i(5). Suppose w*t = -2*o + 9*t + 670, 2*o - 697 = -5*t. Is o a prime number?
False
Let g(d) = 1768*d**3 - 32*d + 63. Is g(2) composite?
False
Is (-1)/(((-1)/(-332))/((-1293)/12)) prime?
False
Suppose -2*i = 4, 3*f - 4*f + 4*i = -20. Suppose -3*p - f = -18. Suppose p*r - 3485 = -5*w, 2*r - 5*r = -2*w + 1413. Is w a prime number?
False
Suppose -22*k - 100466728 = -350*k. Is k composite?
False
Let i(r) = -4*r + 62. Let g be i(15). Suppose 5*d = g*b + 9167 + 2614, d - 2367 = -5*b. Is d a prime number?
True
Let u(d) = -47 - d**2 + 10*d + 87 - 49. Let z be u(4). Is ((-3155)/z)/(2/(-6)) a composite number?
False
Let p = 1183 + 360. Suppose 2*t - a = 4, 5*t - 4 = 2*a + 4. Suppose t = 2*f - f - p. Is f a prime number?
True
Suppose -2*h + 5*h = -2*j + 37, 9 = h - j. Is (11 - 0)/(h*3/1353) prime?
False
Let f = -10 + 49. Suppose 3*u - f + 7 = -4*n, -u - 4*n = 0. Is 2090/7 - 5/(140/u) prime?
False
Suppose 18*m = -18*m + 28*m. Suppose 0 = -m*f - 3*f + 87909. Is f composite?
False
Suppose -5*r + 11591196 = 5*l + 2735261, 4*r + 1771142 = l. Is l a composite number?
True
Let t = -21374 + 11061. Let y = 19440 + t. Is y composite?
False
Let i = -230 + 235. Suppose -u - 3245 = -i*r, -8*r + 3245 = -3*r - 4*u. Is r a prime number?
False
Let u(p) = 4*p - 19 - p + 24 + 25. Let i be u(-9). Let q(a) = 26*a**3 + 3*a**2 + 2*a - 1. Is q(i) a composite number?
True
Suppose k + 18 - 14 = 0. Is ((-65)/(-26))/((-10)/k)*1361 a composite number?
False
Let n be (-8)/10 + (-41354)/(-155). Suppose -5*d + n = -4*y, -3*y - y - 16 = 0. Is (-3)/5 - (-178080)/d prime?
False
Suppose 0 = -o + 3*v + 6, 0*o + 21 = o + 2*v. Suppose 13*s = o*s - 4. Suppose -s*z = -921 - 117. Is z prime?
False
Let l be 150/9*(-6 + -3 + 6). Is (-8394)/(-9)*(-75)/l a composite number?
False
Suppose 3*z + 8 = 5*z. Suppose -z*t - 6 = -2*t, -2*t - 5321 = -5*b. Suppose 0 = -6*y + 3937 - b. Is y a prime number?
True
Let l be 24/10*(-10)/(-4). Suppose 84237 = l*w - 41769. Is w prime?
True
Is 3587481*(3381/(-189) + 18) a composite number?
False
Let g = 373949 + -235848. Is g composite?
False
Let n(q) = 1240*q**2 - 5*q + 2. Suppose -y - 14 = -2*d - 6*y, 5*d = -3*y + 16. Let o be n(d). Is o/16 + (-2)/4 a prime number?
False
Suppose -9*l = 4 + 14. Is 12500/220 + 3*l/(-33) prime?
False
Suppose 6252977 = 40*g - 2036103. Is g composite?
False
Let k(p) = p - 3. Let v be k(3). Let o be (v + -1)/((-4)/(-11436)). Let x = o - -5180. Is x a composite number?
True
Let j be (10/(-12)*-2)/(1/747). Let y = -544 + j. Is y composite?
False
Suppose 3*l = 2*v + 20905 - 73101, 0 = 5*l - 2*v + 86988. Let s = 25113 + l. Is s a composite number?
False
Let o(a) = -102*a - 7. Suppose 10 = -3*z + 37. Suppose 0 = -20*n + 23*n + z. Is o(n) composite?
True
Let b = 2981 - -1628. Is b prime?
False
Suppose -3*z - 5 = -5*u, -5*z + 22 = -3. Suppose -u*p - 18380 = -8*p. Let a = p - 2694. Is a prime?
True
Suppose -6*b = -b - 400. Suppose -24 = 4*i + b. Is (66 - -1)/(((-2)/1)/i) composite?
True
Suppose 7*l = -5 + 40. Suppose -l*d + 9383 = -4142. Is d a composite number?
True
Suppose 0 = 2*a - 2*v - 99614, 0 = 5*a + 155*v - 158*v - 249035. Is a prime?
True
Let g = 79 - 75. Suppose 2*c + 276 = g*p - 2*c, 2*p = 5*c + 132. Let q = 78 + p. Is q a composite number?
False
Is 6/8 + (-12524036)/(-272) a composite number?
True
Let g(v) = -7604*v + 18655. Is g(-33) a prime number?
False
Is (-3)/4*1/(-3)*(107975 - -5) a composite number?
True
Suppose 0 = 50*u - 38*u - 31728. Suppose r = -0*o + 2*o - 5306, -o = -5*r - u. Is o a composite number?
True
Suppose g - 4697 = -t, t + 0*g + 5*g = 4